t of 1684335?
8
What is the ten thousands digit of 2458755?
5
What is the thousands digit of 69820?
9
What is the hundreds digit of 548272?
2
What is the hundred thousands digit of 3909799?
9
What is the thousands digit of 3871834?
1
What is the units digit of 8987850?
0
What is the units digit of 1777179?
9
What is the millions digit of 15903401?
5
What is the ten thousands digit of 9305802?
0
What is the hundreds digit of 6900?
9
What is the hundred thousands digit of 4261900?
2
What is the thousands digit of 5333887?
3
What is the hundred thousands digit of 171670?
1
What is the hundreds digit of 998691?
6
What is the ten thousands digit of 864072?
6
What is the thousands digit of 211651?
1
What is the thousands digit of 680844?
0
What is the tens digit of 1210470?
7
What is the hundred thousands digit of 361954?
3
What is the hundreds digit of 995?
9
What is the millions digit of 26296843?
6
What is the ten thousands digit of 935009?
3
What is the tens digit of 1158011?
1
What is the ten thousands digit of 4185786?
8
What is the tens digit of 7097729?
2
What is the units digit of 156554?
4
What is the tens digit of 115899?
9
What is the ten thousands digit of 599793?
9
What is the thousands digit of 725400?
5
What is the millions digit of 7336972?
7
What is the ten thousands digit of 12181197?
8
What is the units digit of 143908?
8
What is the hundred thousands digit of 1501461?
5
What is the ten thousands digit of 3406344?
0
What is the hundreds digit of 7849520?
5
What is the ten thousands digit of 17886979?
8
What is the ten millions digit of 24083701?
2
What is the ten thousands digit of 7397784?
9
What is the hundreds digit of 245758?
7
What is the hundreds digit of 144644?
6
What is the ten thousands digit of 724774?
2
What is the units digit of 260793?
3
What is the tens digit of 104233?
3
What is the hundreds digit of 7117464?
4
What is the tens digit of 632929?
2
What is the ten thousands digit of 885379?
8
What is the thousands digit of 3363443?
3
What is the millions digit of 11368120?
1
What is the thousands digit of 183657?
3
What is the millions digit of 2017932?
2
What is the units digit of 178390?
0
What is the tens digit of 332550?
5
What is the hundreds digit of 34460043?
0
What is the ten thousands digit of 227178?
2
What is the hundreds digit of 327134?
1
What is the hundreds digit of 7514909?
9
What is the hundred thousands digit of 5261977?
2
What is the millions digit of 4773085?
4
What is the ten thousands digit of 201650?
0
What is the tens digit of 47326?
2
What is the hundreds digit of 3283708?
7
What is the units digit of 1511775?
5
What is the ten millions digit of 10968405?
1
What is the ten thousands digit of 980168?
8
What is the units digit of 226988?
8
What is the tens digit of 387975?
7
What is the hundred thousands digit of 136134?
1
What is the hundred thousands digit of 9624353?
6
What is the tens digit of 319704?
0
What is the units digit of 318184?
4
What is the thousands digit of 1263080?
3
What is the thousands digit of 912410?
2
What is the thousands digit of 808852?
8
What is the millions digit of 9649479?
9
What is the hundred thousands digit of 4603741?
6
What is the hundred thousands digit of 888083?
8
What is the hundreds digit of 16080?
0
What is the ten thousands digit of 450014?
5
What is the units digit of 2363163?
3
What is the millions digit of 4681839?
4
What is the ten thousands digit of 792895?
9
What is the hundreds digit of 26391064?
0
What is the hundred thousands digit of 1825178?
8
What is the thousands digit of 16400102?
0
What is the millions digit of 3585767?
3
What is the thousands digit of 12128848?
8
What is the thousands digit of 186066?
6
What is the units digit of 649446?
6
What is the tens digit of 450727?
2
What is the hundreds digit of 149753?
7
What is the tens digit of 1362711?
1
What is the thousands digit of 425645?
5
What is the hundreds digit of 25557225?
2
What is the ten millions digit of 30460136?
3
What is the tens digit of 647045?
4
What is the units digit of 406825?
5
What is the tens digit of 1895186?
8
What is the thousands digit of 862112?
2
What is the tens digit of 30616124?
2
What is the millions digit of 9499280?
9
What is the tens digit of 97921?
2
What is the millions digit of 9349275?
9
What is the units digit of 25364394?
4
What is the millions digit of 8075506?
8
What is the millions digit of 12628310?
2
What is the tens digit of 70357?
5
What is the hundreds digit of 14650739?
7
What is the ten thousands digit of 334989?
3
What is the thousands digit of 24272?
4
What is the units digit of 1119788?
8
What is the units digit of 2703948?
8
What is the thousands digit of 1627566?
7
What is the units digit of 16912267?
7
What is the tens digit of 2485420?
2
What is the ten thousands digit of 2261701?
6
What is the ten thousands digit of 1449926?
4
What is the units digit of 1200328?
8
What is the ten thousands digit of 20136?
2
What is the hundreds digit of 3646363?
3
What is the hundred thousands digit of 139693?
1
What is the thousands digit of 3723977?
3
What is the units digit of 26427555?
5
What is the ten thousands digit of 1790429?
9
What is the hundred thousands digit of 376349?
3
What is the tens digit of 270608?
0
What is the thousands digit of 1200673?
0
What is the thousands digit of 48725?
8
What is the hundreds digit of 2574771?
7
What is the ten thousands digit of 1787290?
8
What is the thousands digit of 11447187?
7
What is the millions digit of 2213397?
2
What is the thousands digit of 24076?
4
What is the hundreds digit of 95989?
9
What is the units digit of 407331?
1
What is the hundred thousands digit of 1186757?
1
What is the tens digit of 5923848?
4
What is the units digit of 251228?
8
What is the thousands digit of 1999600?
9
What is the ten thousands digit of 744609?
4
What is the ten thousands digit of 1119523?
1
What is the hundreds digit of 578914?
9
What is the millions digit of 1349156?
1
What is the hundreds digit of 26095?
0
What is the tens digit of 5897957?
5
What is the units digit of 2190586?
6
What is the hundreds digit of 926019?
0
What is the ten thousands digit of 414515?
1
What is the units digit of 10811964?
4
What is the hundreds digit of 8269547?
5
What is the tens digit of 454718?
1
What is the millions digit of 1946217?
1
What is the units digit of 323251?
1
What is the units digit of 2341899?
9
What is the units digit of 21077678?
8
What is the hundred thousands digit of 898448?
8
What is the hundred thousands digit of 240851?
2
What is the tens digit of 6360531?
3
What is the units digit of 421235?
5
What is the thousands digit of 21143?
1
What is the hundreds digit of 253829?
8
What is the hundred thousands digit of 25437660?
4
What is the ten thousands digit of 34453?
3
What is the ten thousands digit of 5134102?
3
What is the tens digit of 2316895?
9
What is the ten thousands digit of 117732?
1
What is the thousands digit of 1658?
1
What is the tens digit of 9538551?
5
What is the tens digit of 700972?
7
What is the thousands digit of 625118?
5
What is the millions digit of 2777407?
2
What is the units digit of 7652233?
3
What is the hundred thousands digit of 278656?
2
What is the hundred thousands digit of 168099?
1
What is the units digit of 3408301?
1
What is the ten thousands digit of 1725504?
2
What is the millions digit of 1948960?
1
What is the millions digit of 1170604?
1
What is the units digit of 661535?
5
What is the thousands digit of 141213?
1
What is the thousands digit of 444526?
4
What is the thousands digit of 293647?
3
What is the units digit of 6262485?
5
What is the units digit of 251123?
3
What is the thousands digit of 10788127?
8
What is the units digit of 7412598?
8
What is the units digit of 740069?
9
What is the hundred thousands digit of 17601982?
6
What is the hundred thousands digit of 652429?
6
What is the hundreds digit of 89441?
4
What is the tens digit of 451277?
7
What is the thousands digit of 1616916?
6
What is the thousands digit of 634587?
4
What is the hundreds digit of 338572?
5
What is the tens digit of 316572?
7
What is the hundred thousands digit of 4004642?
0
What is the hundred thousands digit of 3285084?
2
What is the units digit of 6738525?
5
Wha